
{"id":9,"date":"2009-10-06T16:37:51","date_gmt":"2009-10-06T15:37:51","guid":{"rendered":"http:\/\/familiesind.dk\/?page_id=9"},"modified":"2009-10-25T17:25:45","modified_gmt":"2009-10-25T16:25:45","slug":"til-kommunen","status":"publish","type":"page","link":"https:\/\/familiesind.dk\/?page_id=9","title":{"rendered":"R\u00e5dgiver"},"content":{"rendered":"<h2>\u00a7 54 professionel st\u00f8tteperson<\/h2>\n<p><a title=\"E-mail\" onclick=\"window.open(this.href,'win2','width=400,height=300,menubar=yes,resizable=yes'); return false;\" href=\"http:\/\/familiesind.dk\/index.php?option=com_mailto&amp;tmpl=component&amp;link=aHR0cDovL3d3dy5mYW1pbGllc3Bpbi5kay9pbmRleC5waHA\/dmlldz1hcnRpY2xlJmlkPTQlM0FzLTU0LXByb2Zlc3Npb25lbC1zdG90dGVwZXJzb24mb3B0aW9uPWNvbV9jb250ZW50Jkl0ZW1pZD00\"><\/a><\/p>\n<p><strong>Jeg\u00a0arbejder som professionel st\u00f8tteperson i henhold til \u00a7 54 i Serviceloven.<br \/>\n<\/strong><\/p>\n<p>Jeg arbejder p\u00e5 f\u00f8lgende:<\/p>\n<p>At lette arbejdet for dig som r\u00e5dgiver.<\/p>\n<p>At st\u00f8tte for\u00e6ldrene i at give barnet lov til at v\u00e6re anbragt\/modtage behandling.<\/p>\n<p><strong>Min opgave er at lytte\/st\u00f8tte og vejlede for\u00e6ldrene i forhold til deres situation og det g\u00f8r\u00a0jeg s\u00e5ledes:<\/strong><\/p>\n<p><strong> <\/strong><\/p>\n<p>Jeg\u00a0giver modspil og hj\u00e6lper for\u00e6ldrene med at h\u00e5ndtere de f\u00f8lelser, frustrationer og tanker, de har i forhold til anbringelsen.<\/p>\n<p>Jeg\u00a0hj\u00e6lper for\u00e6ldrene med at evaluere forl\u00f8bet, l\u00e6se og forst\u00e5 skriftligt materiale omkring anbringelsen, hvis de har brug for det.<\/p>\n<p>Jeg\u00a0kan forklare de\u00a0regler kommunen handler ud fra, hvordan systemet virker og om for\u00e6ldrenes retssikkerhed.<\/p>\n<p style=\"TEXT-ALIGN: left\">\n<p><strong>Jeg\u00a0har tavshedspligt, men er ogs\u00e5 omfattet af den samme underretningspligt som offentligt ansatte.<\/strong><\/p>\n<p style=\"TEXT-ALIGN: left\"><strong>Jeg\u00a0har kun kontakt til forvaltning og opholdssted, hvis for\u00e6ldrene \u00f8nsker det.<\/strong><\/p>\n<p style=\"TEXT-ALIGN: left\">Jeg gl\u00e6der mig til at h\u00f8re fra dig.<\/p>\n<p style=\"TEXT-ALIGN: left\">\n<p style=\"TEXT-ALIGN: left\">\n","protected":false},"excerpt":{"rendered":"<p>\u00a7 54 professionel st\u00f8tteperson Jeg\u00a0arbejder som professionel st\u00f8tteperson i henhold til \u00a7 54 i Serviceloven. Jeg arbejder p\u00e5 f\u00f8lgende: At lette arbejdet for dig som r\u00e5dgiver. At st\u00f8tte for\u00e6ldrene i at give barnet lov til at v\u00e6re anbragt\/modtage behandling. Min opgave er at lytte\/st\u00f8tte og vejlede for\u00e6ldrene i forhold til deres situation og det g\u00f8r\u00a0jeg [&hellip;]<\/p>\n","protected":false},"author":1,"featured_media":0,"parent":0,"menu_order":3,"comment_status":"closed","ping_status":"closed","template":"","meta":[],"_links":{"self":[{"href":"https:\/\/familiesind.dk\/index.php?rest_route=\/wp\/v2\/pages\/9"}],"collection":[{"href":"https:\/\/familiesind.dk\/index.php?rest_route=\/wp\/v2\/pages"}],"about":[{"href":"https:\/\/familiesind.dk\/index.php?rest_route=\/wp\/v2\/types\/page"}],"author":[{"embeddable":true,"href":"https:\/\/familiesind.dk\/index.php?rest_route=\/wp\/v2\/users\/1"}],"replies":[{"embeddable":true,"href":"https:\/\/familiesind.dk\/index.php?rest_route=%2Fwp%2Fv2%2Fcomments&post=9"}],"version-history":[{"count":15,"href":"https:\/\/familiesind.dk\/index.php?rest_route=\/wp\/v2\/pages\/9\/revisions"}],"predecessor-version":[{"id":36,"href":"https:\/\/familiesind.dk\/index.php?rest_route=\/wp\/v2\/pages\/9\/revisions\/36"}],"wp:attachment":[{"href":"https:\/\/familiesind.dk\/index.php?rest_route=%2Fwp%2Fv2%2Fmedia&parent=9"}],"curies":[{"name":"wp","href":"https:\/\/api.w.org\/{rel}","templated":true}]}}

Rådgiver

<h2>§ 54 professionel støtteperson</h2>
<p><a title="E-mail" onclick="window.open(this.href,'win2','width=400,height=300,menubar=yes,resizable=yes'); return false;" href="http://familiesind.dk/index.php?option=com_mailto&amp;tmpl=component&amp;link=aHR0cDovL3d3dy5mYW1pbGllc3Bpbi5kay9pbmRleC5waHA/dmlldz1hcnRpY2xlJmlkPTQlM0FzLTU0LXByb2Zlc3Npb25lbC1zdG90dGVwZXJzb24mb3B0aW9uPWNvbV9jb250ZW50Jkl0ZW1pZD00"></a></p>
<p><strong>Jeg arbejder som professionel støtteperson i henhold til § 54 i Serviceloven.<br />
</strong></p>
<p>Jeg arbejder på følgende:</p>
<p>At lette arbejdet for dig som rådgiver.</p>
<p>At støtte forældrene i at give barnet lov til at være anbragt/modtage behandling.</p>
<p><strong>Min opgave er at lytte/støtte og vejlede forældrene i forhold til deres situation og det gør jeg således:</strong></p>
<p><strong> </strong></p>
<p>Jeg giver modspil og hjælper forældrene med at håndtere de følelser, frustrationer og tanker, de har i forhold til anbringelsen.</p>
<p>Jeg hjælper forældrene med at evaluere forløbet, læse og forstå skriftligt materiale omkring anbringelsen, hvis de har brug for det.</p>
<p>Jeg kan forklare de regler kommunen handler ud fra, hvordan systemet virker og om forældrenes retssikkerhed.</p>
<p style="TEXT-ALIGN: left">
<p><strong>Jeg har tavshedspligt, men er også omfattet af den samme underretningspligt som offentligt ansatte.</strong></p>
<p style="TEXT-ALIGN: left"><strong>Jeg har kun kontakt til forvaltning og opholdssted, hvis forældrene ønsker det.</strong></p>
<p style="TEXT-ALIGN: left">Jeg glæder mig til at høre fra dig.</p>
<p style="TEXT-ALIGN: left">
<p style="TEXT-ALIGN: left">

<p>§ 54 professionel støtteperson Jeg arbejder som professionel støtteperson i henhold til § 54 i Serviceloven. Jeg arbejder på følgende: At lette arbejdet for dig som rådgiver. At støtte forældrene i at give barnet lov til at være anbragt/modtage behandling. Min opgave er at lytte/støtte og vejlede forældrene i forhold til deres situation og det gør jeg [&hellip;]</p>
